0. Calculate w(8).
12
Let d(g) = -g**3 + 62*g**2 - 59*g - 136. Determine d(61).
-14
Let n(y) = -y**3 - 118*y**2 - 3223*y + 149. What is n(-75)?
-1
Let t(q) = 3*q**2 + 36*q - 26. Calculate t(-18).
298
Let i(s) = -10*s + 103. What is i(-7)?
173
Let u(r) = 68*r**2 + 1427*r - 19. Determine u(-21).
2
Let a(i) = -214*i + 595. Calculate a(-3).
1237
Let t(p) = -26*p - 84. Determine t(7).
-266
Let g(q) = -q**3 + 11*q**2 - 40*q + 48. Calculate g(5).
-2
Let o(g) = g**2 - 107*g + 2815. What is o(59)?
-17
Let f(t) = -56*t + 58. Give f(2).
-54
Let m(w) = 3*w**2 + 10*w + 21. What is m(4)?
109
Let o(z) = -z**3 + 9*z**2 + 31*z - 225. Give o(10).
-15
Let s(b) = -b**3 - 15*b**2 + 6*b - 50. Calculate s(-14).
-330
Let n(h) = -26*h**2 - 20*h + 17. Calculate n(1).
-29
Let m(p) = -303*p + 1538. Give m(5).
23
Let w(a) = -1070*a - 21392. Calculate w(-20).
8
Let p(g) = 2*g**3 - 5*g**2 - 10*g + 46. Calculate p(3).
25
Let v(c) = c**2 + 3361*c - 20209. What is v(6)?
-7
Let t(p) = -4*p**3 + 30*p**2 + 66*p - 103. Give t(9).
5
Let v(y) = -y**3 - 6*y**2 - 18*y - 33. Calculate v(-4).
7
Let n(k) = 2*k**2 - 2*k - 176. Calculate n(-10).
44
Let j(w) = w**3 + 4*w**2 - w + 15. Calculate j(0).
15
Let z(h) = -h**3 + 4*h**2 - 62. Give z(5).
-87
Let q(p) = 196*p - 2111. Calculate q(11).
45
Let n(r) = -r**3 - 16*r**2 - 46*r + 90. What is n(-12)?
66
Let v(y) = y**3 + 8*y**2 - 35*y - 151. What is v(-10)?
-1
Let d(l) = l**3 + 34*l**2 - 46*l - 59. What is d(-35)?
326
Let s(d) = -2*d**2 + 298*d + 1208. Calculate s(-4).
-16
Let b(y) = 30*y + 196. What is b(-7)?
-14
Let q(u) = 3*u**3 - 79*u**2 + 98*u + 53. Determine q(25).
3
Let z(a) = a**3 + 27*a**2 - 28*a + 70. What is z(-28)?
70
Let v(p) = -p**2 + 103*p + 2181. Determine v(-18).
3
Let h(c) = 306*c + 6738. What is h(-22)?
6
Let c(f) = 6*f**2 - 12*f + 5. Give c(2).
5
Let v(b) = -3273*b - 52363. What is v(-16)?
5
Let q(w) = -w**2 + 49*w + 462. Determine q(57).
6
Let w(y) = y**3 + 11*y**2 + 19*y - 53. What is w(-6)?
13
Let d(x) = -x**3 - 69*x**2 + 75*x + 356. Determine d(-70).
6
Let y(t) = -5794*t - 6. Determine y(0).
-6
Let h(b) = -2*b**2 + 179*b + 3256. Determine h(105).
1
Let i(s) = -s**3 - 4*s**2 - 7*s - 50. What is i(-4)?
-22
Let q(a) = -a**3 + 19*a**2 - 21*a + 119. What is q(19)?
-280
Let x(d) = 2*d - 103. Give x(52).
1
Let y(r) = -r**2 + 50*r + 269. Give y(-5).
-6
Let j(g) = g**3 - 13*g**2 + 725*g - 6911. Give j(10).
39
Let k(g) = -g**3 + 26*g**2 - 23*g + 56. Give k(25).
106
Let s(y) = 121*y + 5776. Calculate s(-48).
-32
Let z(v) = 9*v**2 + 498*v + 155. What is z(-55)?
-10
Let f(m) = -m**2 - 12*m + 6. Calculate f(-5).
41
Let x(w) = 34*w - 1926. Determine x(57).
12
Let a(l) = -15*l**2 + 168*l - 26. Give a(11).
7
Let w(j) = -j**3 - 71*j**2 - 609*j - 2. Determine w(-10).
-12
Let x(v) = 172*v**2 + 858*v - 11. Give x(-5).
-1
Let j(i) = 6*i**2 - 66*i + 182. Calculate j(6).
2
Let h(s) = s**3 - 7*s**2 - 7*s + 6. Determine h(-2).
-16
Let x(h) = 9*h**3 + 10*h**2 + h - 6. Determine x(-2).
-40
Let j(y) = -2*y**2 - 54*y + 224. Determine j(3).
44
Let i(n) = n**3 + 4*n**2 - 8*n - 4. Determine i(4).
92
Let p(q) = q**3 - 53*q**2 - 202*q + 1901. Calculate p(56).
-3
Let d(i) = 18*i - 487. Determine d(43).
287
Let a(t) = 10*t**2 - 51*t + 43. Give a(1).
2
Let t(a) = 4*a**2 + 89*a + 287. Determine t(-4).
-5
Let h(l) = 2*l**3 + 2*l**2 + 78. What is h(0)?
78
Let s(g) = 3684*g + 51570. Calculate s(-14).
-6
Let u(v) = 4*v**3 + 26*v**2 + 13*v - 14. Give u(-7).
-203
Let a(p) = p**3 - 22*p**2 + 3*p - 69. Determine a(22).
-3
Let j(d) = 26*d**3 + 4*d**2 - 47*d - 100. What is j(-2)?
-198
Let v(u) = -328*u - 10179. Calculate v(-31).
-11
Let a(w) = -2*w**3 + 51*w**2 + 19*w + 130. Give a(26).
-52
Let h(x) = 25*x + 3188. Give h(-127).
13
Let q(d) = -d**2 + 17*d - 6. Determine q(13).
46
Let d(f) = 49*f + 2326. Determine d(-48).
-26
Let c(o) = 2*o + 167. Give c(-22).
123
Let c(s) = 38*s + 295. Calculate c(-15).
-275
Let x(l) = 18*l - 386. What is x(13)?
-152
Let u(h) = 2*h**2 + 4*h + 16. What is u(0)?
16
Let o(b) = -27*b**3 + 2*b + 3. Give o(2).
-209
Let o(t) = -t**2 + 54*t - 710. Give o(20).
-30
Let n(k) = k**3 + 3111*k**2 + 34098*k - 25. What is n(-11)?
-3
Let z(o) = -15*o**2 - 70*o - 60. Determine z(-1).
-5
Let b(p) = -1984*p + 27824. Calculate b(14).
48
Let d(c) = 103*c + 45. Calculate d(5).
560
Let b(s) = -12*s - 750. Calculate b(-64).
18
Let w(o) = -2*o**2 + 216*o + 619. Determine w(111).
-47
Let u(t) = t**2 - 235*t - 22491. Determine u(-73).
-7
Let j(c) = 7*c**3 + 64*c**2 + 13*c + 42. Give j(-9).
6
Let u(x) = 1662*x - 9973. Determine u(6).
-1
Let r(t) = 2*t**2 + 10*t - 14. Give r(-11).
118
Let g(x) = -x**3 - 10*x**2 - 25*x + 10. Determine g(-4).
14
Let j(u) = 2*u**2 + 55*u - 9914. Give j(58).
4
Let k(v) = -2*v**2 - 9*v + 335. Determine k(11).
-6
Let l(r) = r**2 - 32*r + 45. What is l(30)?
-15
Let n(y) = 6*y**2 + 171*y + 33. Determine n(-33).
924
Let h(r) = 21*r**2 - 110*r + 12. Calculate h(7).
271
Let p(k) = -k**3 - k**2 + 1188*k + 82. Calculate p(34).
14
Let b(d) = 82*d - 3837. Determine b(47).
17
Let b(c) = -53*c + 12. Determine b(0).
12
Let v(w) = w**3 + 37*w**2 - 71*w + 267. Determine v(-39).
-6
Let n(q) = -19*q**2 - 70*q - 1. Determine n(-7).
-442
Let b(m) = m**2 - 10*m. Determine b(17).
119
Let k(r) = 6*r**2 + 29*r - 52. Determine k(-10).
258
Let f(o) = -52*o - 499. Calculate f(-7).
-135
Let d(f) = f**2 - 51*f + 528. Calculate d(15).
-12
Let j(a) = a**3 + 49*a**2 + 12. Determine j(-49).
12
Let f(t) = -22*t**2 + 3293*t - 2240. Determine f(149).
-5
Let g(n) = -n**3 + 12*n**2 + 118*n + 10. Determine g(-7).
115
Let z(t) = -10*t**2 - 265*t + 24. Determine z(-26).
154
Let w(o) = 6*o**2 - 8*o - 3081. Give w(-22).
-1
Let v(p) = 16*p + 163. Determine v(-9).
19
Let t(j) = -j**3 - 8*j**2 - j - 6. Give t(-2).
-28
Let w(j) = j**3 - 10*j**2 - 19*j + 182. Determine w(6).
-76
Let j(d) = -d**2 - 15*d - 58. What is j(-4)?
-14
Let x(u) = u**3 + 289*u**2 + 566*u - 2295. Calculate x(-287).
1
Let n(v) = v**2 - 84*v + 1192. Give n(66).
4
Let l(x) = -66*x - 2432. Give l(-37).
10
Let x(v) = v**2 - 41*v + 358. Give x(12).
10
Let h(p) = p**2 + 27*p + 135. What is h(-8)?
-17
Let k(u) = -3*u**2 + 11*u - 16. Calculate k(6).
-58
Let a(r) = 53*r - 847. Calculate a(17).
54
Let y(j) = 249*j + 8964. Determine y(-36).
0
Let y(h) = h**3 + 33*h**2 - 34*h - 37. Determine y(-34).
-37
Let y(u) = -u**3 - 127*u**2 + 805*u + 896. Give y(-133).
-35
Let i(r) = -35*r + 1731. Calculate i(50).
-19
Let i(r) = 15*r**2 + 83*r + 108. Calculate i(-4).
16
Let g(s) = s**2 + 699*s - 136423. What is g(159)?
-1
Let w(r) = -2*r**2 + 17*r + 137. Calculate w(-6).
-37
Let i(k) = -k**3 + 43*k**2 - 425*k - 223. What is i(27)?
-34
Let q(g) = -779*g - 10106. Calculate q(-13).
21
Let l(y) = -727*y - 2181. Calculate l(-3).
0
Let o(k) = -k**3 + 13*k**2 + 57*k + 10. Give o(17).
-177
Let s(z) = 16*z**3 - z**2 + 12*z - 5. Calculate s(0).
-5
Let m(l) = 56*l + 787. Give m(-15).
-53
Let m(j) = 17*j + 908. Determine m(-54).
-10
Let h(m) = -2*m**3 + 17*m**2 + 192*m + 69. Give h(15).
24
Let c(a) = -9*a**3 + 5*a**2 - 78*a - 323. What is c(-4)?
645
Let s(d) = -102*d - 10112. Calculate s(-99).
-14
Let r(w) = 5*w - 75. Give r(17).
10
Let p(z) = -7*z - 216. What is p(-32)?
8
Let m(z) = -z**3 + 16*z**2 - 28*z + 426. Give m(16).
-22
Let x(w) = -w**3 - 9*w**2 - 8*w + 24. Give x(-8).
24
Let f(x) = 1349*x + 18883. Calculate f(-14).
-3
Let p(s) = -35*s - 313. What is p(-7)?
-68
Let g(t) = 55*t + 7979. Give g(-143).
114
Let b(m) = 16*m**2 + 145*m + 10. What is b(-9)?
1
Let u(b) = -1239*b - 7574. What is u(-6)?
-140
Let o(a) = a**2 - 138*a - 3875. What is o(-24)?
13
Let z(w) = 965*w - 8682. Give z(9).
3
Let k(c) = -c**2 - 117*c - 866. Calculate k(-8).
6
Let b(z) = -z**3 - 25*z**2 + 52*z + 641. Give b(-26).
-35
Let o(f) = -2*f**2 - 150*f - 1306. Calculate o(-10).
-6
Let l(z) = -z**3 + 25*z**2 - 156*z - 3. Determine l(12).
-3
Let a(u) = u**3 - 2*u + 127. Calculate a(0).
127
Let u(i) = -2*i**2 - 3*i + 115. Determine u(8).
-37
Let d(l) = -29*l - 969. Calculate d(-34).
17
Let c(g) = -2723*g + 106193. What is c(39)?
-4
Let a(u) = 4263*u + 55425. What is a(-13)?
6
Let d(h) = 408*h + 2734. What is d(-7)?
-122
Let v(c) = 93*c - 49. Calculate v(-4).
-421
Let c(z) = -11*z**2 + 1621*z - 3236. Give c(2).
-38
Let p(b) = b**3 - 30*b**2 + 164*b + 20. Give p(8).
-76